t is the tens digit of d?
2
Let q = -3 - -1. Let k(f) = -4*f**3 - 2*f**2 + 4*f + 2. Let b(c) = 2*c**3 + c**2 - 2*c - 1. Let u(w) = 7*b(w) + 4*k(w). What is the units digit of u(q)?
9
What is the hundreds digit of (660/(-8))/((-2)/4)?
1
Let q(n) = n**2 + 4*n - 1. Let f be q(-5). Suppose -5*y + 3*a = -64 - 2, -8 = f*a. What is the tens digit of y?
1
Suppose -4*k + 12 = -2*s, -3*s = -4*k + k + 3. Suppose k*i + 17 = 6*i. What is the units digit of i?
7
Let j(g) = -4*g - 1 - 3 + 5. Let q(w) = -w**3 - w**2 + w - 1. Let y be q(0). What is the units digit of j(y)?
5
Let f(a) = -a**3 - 2*a**2 + a + 125. What is the tens digit of f(0)?
2
Let d(j) = -15*j + 11. What is the tens digit of d(-8)?
3
Let f = 7 + -4. Let m(d) = -d**2 - d. Let b be m(-2). Let g = f + b. What is the units digit of g?
1
Let b(m) = -m + 42. What is the units digit of b(0)?
2
Let v = -9 - -12. Suppose 0 = -4*h - v*r + 65, -2 - 1 = 3*r. What is the units digit of h?
7
Suppose 0 = -11*d + 2908 - 224. What is the tens digit of d?
4
Let j = 10 - 1. What is the units digit of j?
9
Suppose -v = v - 42. Suppose -2*s = -2*t - 18, t + v = s + 3*t. What is the tens digit of s?
1
What is the tens digit of (-22*1)/(-2) + 2?
1
Suppose -4*s + 26 = -3*s - 4*r, 3*s + 3*r - 48 = 0. Suppose 4*t + s = 118. What is the tens digit of t?
2
Suppose 4*j + 21 = u - 24, -39 = -u + 2*j. Suppose a - u = 4*d - 2*d, -3*a - 4*d = -49. What is the units digit of a?
3
Suppose 2*t - 98 = -2*s, 3*s - 2*s + 5*t = 61. What is the units digit of s?
6
Let v = 3 - 5. What is the units digit of v + 4 + 6/3?
4
Suppose 0 = -0*z + 4*z - 72. What is the units digit of z?
8
What is the hundreds digit of (-5465)/(-35) - (-3)/(-21)?
1
Suppose 0 = -o + 1 - 3. What is the tens digit of (-19 - o)/((-2)/2)?
1
Suppose -2*l + 5*p - 25 = 0, -p + 6 - 1 = 2*l. Suppose 4*m - d - 5 = l, -5*d + 16 = -2*m + 5. Suppose h = -h - m*v + 4, 1 = v. What is the units digit of h?
1
Let k(x) = 2*x**2 - 3*x - 5. Let m(z) = -3*z**3 + z**2 - z - 1. Let y be m(-1). What is the tens digit of k(y)?
1
Let x = 15 + -26. What is the units digit of -2 + 2*x/(-2)?
9
Let s = 271 + -33. What is the tens digit of s?
3
Suppose -5*n + 1 = u - 7, -n = 4*u + 6. Suppose -5*z = -5*p + 65, n*p - 5*z - 20 = -0. What is the tens digit of p?
1
Suppose -4*q - q + 20 = 0. Suppose -31 = -o + 4*m, 0*o + 23 = o + q*m. What is the tens digit of o?
2
What is the tens digit of 968/33 + (-2)/(-3)?
3
Let c(i) = -i + 32. What is the units digit of c(20)?
2
Let j be (-448)/(-20) + 4/(-10). Suppose 2*f = -f, j = 2*s - 3*f. What is the tens digit of s?
1
What is the tens digit of (684/(-21))/((-6)/42)?
2
Let n = -9 + 5. Let t be ((-1)/2)/(n/16). Let a = t + 7. What is the units digit of a?
9
Let n(t) = 12*t - 24. What is the units digit of n(13)?
2
What is the tens digit of (-1)/(-12)*-4 + (-356)/(-6)?
5
Suppose -11 = -z + 18. What is the tens digit of z?
2
Suppose -5*b + 23 = -17. Suppose 3*u + 0*d = 2*d + b, -u - 2*d = 0. What is the units digit of u?
2
Let k(q) = -q + 2 + 1 - 3*q + q. Let b be k(-6). What is the tens digit of 1*(2 - b*-1)?
2
Suppose 84 = 2*s - 24. What is the units digit of s?
4
Suppose r = -r. Suppose r = -5*m + m. What is the units digit of 6 - (1 - m)/(-1)?
7
Let o(l) = 2 - 1 - 4*l**3 + 3*l + 3*l**3 - 2*l**2. Let k be o(-3). What is the units digit of 22/10 + k/(-5)?
2
Let f(r) = -2*r - 4. Let a(n) = -n - 5. Let o(v) = 4*a(v) - 5*f(v). Let m be o(1). Suppose 12 = -4*x + m*x. What is the units digit of x?
6
Suppose -16 = -2*g + 2*m, 3*g - 3*m + 24 = 4*g. Suppose -d = -0*d - g. What is the tens digit of d?
1
Let n = 9 - 5. Suppose 0 = -2*i + n*z - 16, 0*i + 40 = -5*i + z. What is the units digit of (4 - i)*(-1)/(-2)?
6
Let q be 2/4 - 165/(-6). Suppose 3*j - 15 = -w, -3*j + 4*w + 2 = -q. Let s = 2 + j. What is the units digit of s?
8
What is the units digit of (-18)/(-5) + (-22)/(-55)?
4
Let n be ((-4)/(-6))/((-2)/87). Let i = n + 58. Suppose 4*f - i = 2*w + 3*w, f - 5*w + 4 = 0. What is the tens digit of f?
1
Let o be 632/(-20) + (-2)/5. What is the units digit of (30/4)/((-24)/o)?
0
Let v(r) = 3*r + 8. What is the units digit of v(9)?
5
Let f(i) = 5*i + 4. Let l be f(-5). What is the units digit of (-1)/3 + l/(-9)?
2
What is the tens digit of (-3 - 3)*(-7 + 2)?
3
What is the tens digit of (-2)/(-8) - (-2346)/(-24)*-1?
9
Suppose 0 = t - 9 - 85. What is the tens digit of t?
9
Suppose -5*r = 4*t - 7, -2*t + 3*r + 3 = -6. Let d(z) = 6 + 5*z**2 + z**2 - 2*z**3 + t*z**3. What is the units digit of d(-6)?
6
Let d(u) = -18*u + 8*u + 9*u. What is the units digit of d(-6)?
6
Let v(k) = 32*k**3 + k**2 + k - 1. What is the units digit of v(1)?
3
Suppose -5*r - 23 = -4*k, -4*k = -2*r + 5*r - 63. Suppose -5*j + 10 = 4*d - 3, -4*d + k = 4*j. Let q = 4 - d. What is the units digit of q?
2
Let s(u) = -2. Let g(f) = -f - 1. Let x(p) = g(p) - s(p). Let j be x(2). What is the tens digit of 10/((-1)/j*1)?
1
Suppose 4*s + 18 = -q + 58, 0 = q - 4. What is the units digit of s?
9
Let k be ((-1)/(-2))/((-2)/(-36)). Suppose 0 = -2*s - k + 33. What is the tens digit of s?
1
Let r = 109 - -290. What is the hundreds digit of r?
3
Let x = 6 + -3. Let n be (7 - 3) + -2 - 2. Let r = x - n. What is the units digit of r?
3
Let q(y) = y**2 + 7*y. Let a(d) = d**2 + 4*d. Let v(t) = -5*a(t) + 3*q(t). Let m be v(2). Let i = m + 14. What is the units digit of i?
8
Suppose -a + 749 = 5*b, 2*b - 3*b = 4*a - 165. What is the tens digit of b?
4
Let h = 89 - 49. What is the tens digit of h?
4
Let z(h) = 2*h**2 - 11. Let j(a) = -a**2 + 6. Let m(s) = 5*j(s) + 3*z(s). What is the units digit of m(2)?
1
Let l(q) = q**2 - 9*q + 17. What is the hundreds digit of l(-6)?
1
Suppose 4*n = 2*m - 15 - 39, 4*n - 111 = -3*m. What is the tens digit of m?
3
Let l(t) = -t**3 + 4*t**2 + 2*t - 2. Let w be l(2). Let i = w + -4. Let z = 9 - i. What is the units digit of z?
3
Let f(o) = 4*o - 2. Let h be f(-4). What is the units digit of h/(-8)*(-16)/(-6)?
6
Suppose -3*i = 5*c - 23 + 3, -3*i = 0. Suppose -12 = c*v - 7*v. Suppose v*h - 2*k - 3*k = 77, -4*h + k = -57. What is the units digit of h?
3
Let t = 3 - -1. Suppose k = -0*g - 4*g + 69, 66 = 3*g - t*k. What is the tens digit of g?
1
Let y(w) = 36*w**2 - w - 3. What is the hundreds digit of y(2)?
1
Suppose -4*r = -2 - 6. Suppose -z + 3*z = 2*u - r, -3*u = z - 7. What is the units digit of z?
1
Suppose -6*b - 10 = -8*b. Suppose 5*z - l - 245 = 2*l, 3*l = -b*z + 215. What is the units digit of z?
6
Let f(x) = -22*x**2 - 2. Let v be f(3). What is the tens digit of (-10)/45 + v/(-9)?
2
Let j be 16/(-24) + 56/(-6). What is the units digit of 3/(-1) + j + 20?
7
Let u = -36 + 58. Let i be (-6)/2 + 22/(-2). Let c = u + i. What is the units digit of c?
8
Let q be -1*10*(-4)/10. Suppose 0 = -5*h + 5*c + 35, 5*h - c + 4*c - 35 = 0. Suppose -q*l + h*l - t = 12, -t = l. What is the units digit of l?
3
Let x(v) = 1 + 5*v - 2*v + v + 7*v. What is the tens digit of x(1)?
1
Let f(c) = -c**2 + 4*c - 5. Let o be f(4). Let t = 8 - o. What is the tens digit of t?
1
Let b be (0/(-1))/(1 - -1). Suppose b - 70 = -5*l. What is the units digit of l?
4
Let x = -319 + 70. What is the tens digit of x/(-9) + (-4)/(-12)?
2
Let f(k) = k**3 + 5*k**2 - k - 7. Let q be f(-5). What is the tens digit of (46/4)/(q/(-4))?
2
Let x(b) be the second derivative of -1/3*b**3 + 0 - b - 1/2*b**2. What is the units digit of x(-4)?
7
Let b = 11 + -5. Suppose 5*w + 20 = 4*r + b, 5*r - 3 = -w. What is the units digit of r?
1
Let t be (-10)/(-3) + (-3)/9. Suppose 0 = -t*j - 6 + 21. Suppose 0 = -3*f + 5*i - 30 + 71, f = -3*i - j. What is the units digit of f?
7
What is the tens digit of 13 - 3*(-5)/15?
1
Let f(m) = -14*m - 15. What is the units digit of f(-5)?
5
Let o be 6/4*4 + -3. Let k(z) = -z**2 + 3*z + 2. Let y be k(3). Suppose -v = 2*a + o*v - 26, 3*a - 39 = y*v. What is the units digit of a?
3
Let g = -3 + 3. Suppose -3*i = -0*n - 5*n + 5, -2*n + 3*i - 7 = g. What is the units digit of n?
4
Let a(c) = -c**2 + 3*c - 5. Let z be a(5). Let o(h) = 4*h**2 + h - 1. Let p be o(1). Let r = p - z. What is the tens digit of r?
1
Let o(h) = h**3 + 4*h**2 + 2*h - 1. Let v be 2/3 - 24/9. Let y be o(v). Let j = 7 + y. What is the tens digit of j?
1
Suppose 3*i - 2*c = -c + 44, 3*c = 4*i - 67. What is the units digit of i?
3
Suppos